he prime factors of 5961366.
2, 3, 37, 8951
List the prime factors of 29074995.
3, 5, 449, 1439
What are the prime factors of 1745089?
673, 2593
What are the prime factors of 144732?
2, 3, 7, 1723
What are the prime factors of 69082?
2, 13, 2657
List the prime factors of 248149.
11, 17, 1327
List the prime factors of 878624.
2, 27457
List the prime factors of 1451968.
2, 7, 463
What are the prime factors of 16794587?
53, 316879
What are the prime factors of 482846?
2, 7, 13, 379
List the prime factors of 149431.
23, 73, 89
What are the prime factors of 7254587?
53, 136879
What are the prime factors of 169057?
7, 24151
List the prime factors of 19564906.
2, 31, 281, 1123
List the prime factors of 3748431.
3, 1249477
List the prime factors of 12937731.
3, 17, 253681
List the prime factors of 1227966.
2, 3, 103, 1987
List the prime factors of 6370151.
421, 15131
List the prime factors of 271612.
2, 11, 6173
List the prime factors of 3221857.
17, 79, 2399
List the prime factors of 361127.
13, 27779
What are the prime factors of 1366545?
3, 5, 17, 23, 233
List the prime factors of 2200286.
2, 11, 103, 971
What are the prime factors of 7527386?
2, 193, 19501
What are the prime factors of 21730070?
2, 5, 31, 191, 367
What are the prime factors of 897640?
2, 5, 22441
List the prime factors of 118605.
3, 5, 7907
List the prime factors of 552211.
11, 17, 2953
List the prime factors of 3887125.
5, 11, 257
What are the prime factors of 2176805?
5, 47, 59, 157
What are the prime factors of 187515?
3, 5, 463
What are the prime factors of 3659453?
7, 139, 3761
List the prime factors of 266006.
2, 13, 787
List the prime factors of 89952.
2, 3, 937
List the prime factors of 3275746.
2, 1151, 1423
What are the prime factors of 274941?
3, 17, 599
What are the prime factors of 13357758?
2, 3, 2226293
What are the prime factors of 10062283?
7, 11, 17, 7687
What are the prime factors of 523566?
2, 3, 17, 29, 59
What are the prime factors of 7397242?
2, 127, 29123
List the prime factors of 12055065.
3, 5, 11, 73061
List the prime factors of 146690.
2, 5, 14669
List the prime factors of 2240601.
3, 11, 43, 1579
List the prime factors of 397383.
3, 7, 127, 149
List the prime factors of 2967982.
2, 1483991
List the prime factors of 1090901.
7, 101, 1543
List the prime factors of 5541105.
3, 5, 369407
What are the prime factors of 321811?
7, 31, 1483
List the prime factors of 291680.
2, 5, 1823
What are the prime factors of 1513041?
3, 37, 43, 317
What are the prime factors of 25135?
5, 11, 457
What are the prime factors of 6993454?
2, 13, 268979
List the prime factors of 1354471.
1354471
List the prime factors of 3528457.
587, 6011
List the prime factors of 711338.
2, 355669
What are the prime factors of 92552?
2, 23, 503
List the prime factors of 1740955.
5, 348191
List the prime factors of 8882377.
7, 181273
List the prime factors of 332000.
2, 5, 83
List the prime factors of 100344.
2, 3, 37, 113
What are the prime factors of 1035945?
3, 5, 23021
List the prime factors of 122418.
2, 3, 2267
What are the prime factors of 295809?
3, 151, 653
What are the prime factors of 22481738?
2, 2861, 3929
List the prime factors of 43402.
2, 21701
What are the prime factors of 79898?
2, 7, 13, 439
List the prime factors of 400178.
2, 19, 10531
What are the prime factors of 75739?
23, 37, 89
What are the prime factors of 363573?
3, 7, 29, 199
List the prime factors of 1349546.
2, 11, 61343
List the prime factors of 211161.
3, 59, 1193
What are the prime factors of 271395?
3, 5, 37, 163
What are the prime factors of 4622707?
4622707
What are the prime factors of 20430433?
149, 137117
List the prime factors of 1634090.
2, 5, 163409
What are the prime factors of 6485987?
6485987
List the prime factors of 1867636.
2, 466909
List the prime factors of 1542911.
1542911
What are the prime factors of 5718?
2, 3, 953
List the prime factors of 26667.
3, 2963
List the prime factors of 180831.
3, 7, 79, 109
List the prime factors of 718032.
2, 3, 7, 2137
List the prime factors of 232429.
41, 5669
What are the prime factors of 3370465?
5, 7, 13757
List the prime factors of 3230016.
2, 3, 16823
List the prime factors of 362412.
2, 3, 10067
List the prime factors of 17075634.
2, 3, 157, 18127
List the prime factors of 1781493.
3, 7, 12119
List the prime factors of 798425.
5, 109, 293
List the prime factors of 446021.
577, 773
What are the prime factors of 393964?
2, 98491
What are the prime factors of 1915491?
3, 103, 6199
What are the prime factors of 791088?
2, 3, 16481
List the prime factors of 127665.
3, 5, 2837
List the prime factors of 2831704.
2, 353963
List the prime factors of 3852071.
293, 13147
List the prime factors of 4322807.
103, 41969
What are the prime factors of 395211?
3, 103, 1279
What are the prime factors of 8433486?
2, 3, 468527
List the prime factors of 287180.
2, 5, 83, 173
What are the prime factors of 1242933?
3, 414311
List the prime factors of 5427832.
2, 678479
What are the prime factors of 2812544?
2, 7, 43, 73
What are the prime factors of 219204?
2, 3, 6089
List the prime factors of 500548.
2, 17, 433
List the prime factors of 5454183.
3, 7, 259723
List the prime factors of 505930.
2, 5, 50593
What are the prime factors of 644808?
2, 3, 67, 401
What are the prime factors of 18868343?
13, 97, 1151
List the prime factors of 4674835.
5, 11, 7727
What are the prime factors of 310692?
2, 3, 17, 1523
What are the prime factors of 6904727?
6904727
List the prime factors of 232776.
2, 3, 53, 61
What are the prime factors of 335933?
13, 25841
What are the prime factors of 3952706?
2, 907, 2179
What are the prime factors of 64074?
2, 3, 59, 181
What are the prime factors of 1032748?
2, 29, 307
What are the prime factors of 961711?
103, 9337
List the prime factors of 608002.
2, 109, 2789
List the prime factors of 184220.
2, 5, 61, 151
List the prime factors of 227008.
2, 3547
List the prime factors of 345067.
345067
What are the prime factors of 677607?
3, 7, 41, 787
What are the prime factors of 942935?
5, 7, 29, 929
What are the prime factors of 10226713?
7, 191, 7649
What are the prime factors of 5624336?
2, 71, 4951
What are the prime factors of 146909?
7, 31, 677
List the prime factors of 5517076.
2, 29, 199, 239
List the prime factors of 1007.
19, 53
List the prime factors of 211292.
2, 101, 523
List the prime factors of 39423329.
11, 3583939
What are the prime factors of 2405389?
7, 343627
What are the prime factors of 800647?
800647
What are the prime factors of 9070025?
5, 362801
What are the prime factors of 16546595?
5, 13, 277, 919
List the prime factors of 9618040.
2, 5, 83, 2897
List the prime factors of 12819081.
3, 11, 463, 839
What are the prime factors of 1554505?
5, 310901
List the prime factors of 1085118.
2, 3, 223, 811
What are the prime factors of 301645?
5, 23, 43, 61
List the prime factors of 2759831.
17, 162343
What are the prime factors of 4362017?
11, 396547
What are the prime factors of 11309?
43, 263
What are the prime factors of 7066643?
7066643
What are the prime factors of 210085?
5, 42017
List the prime factors of 410653.
167, 2459
List the prime factors of 2496600.
2, 3, 5, 19, 73
List the prime factors of 1388311.
19, 89, 821
What are the prime factors of 3529486?
2, 1764743
List the prime factors of 16453.
16453
What are the prime factors of 3153397?
13, 107, 2267
List the prime factors of 18845411.
13, 1449647
List the prime factors of 786.
2, 3, 131
What are the prime factors of 781241?
23, 33967
What are the prime factors of 1234523?
17, 101, 719
List the prime factors of 721615.
5, 144323
What are the prime factors of 36555625?
5, 23, 2543
List the prime factors of 539414.
2, 173, 1559
What are the prime factors of 10672?
2, 23, 29
List the prime factors of 429975.
3, 5, 7, 13
What are the prime factors of 330846?
2, 3, 67, 823
List the prime factors of 159068.
2, 7, 13, 19, 23
List the prime factors of 1444523.
1444523
What are the prime factors of 7127720?
2, 5, 73, 2441
List the prime factors of 835266.
2, 3, 73, 1907
List the prime factors of 870056.
2, 11, 9887
List the prime factors of 58587.
3, 59, 331
What are the prime factors of 8810698?
2, 13, 317, 1069
What are the prime factors of 438743?
31, 14153
List the prime fac